{"id":781,"date":"2018-06-28T01:16:10","date_gmt":"2018-06-28T04:16:10","guid":{"rendered":"https:\/\/isfdyt215lezama-bue.infd.edu.ar\/sitio\/investigacion\/"},"modified":"2018-07-06T20:51:43","modified_gmt":"2018-07-06T23:51:43","slug":"investigacion","status":"publish","type":"page","link":"https:\/\/isfdyt215lezama-bue.infd.edu.ar\/sitio\/investigacion\/","title":{"rendered":"Investigaci\u00f3n"},"content":{"rendered":"<table border=\"0\">\n<tbody>\n<tr>\n<td style=\"background-color: #f0f8ff;\"><span style=\"color: #000080; font-size: 8pt; font-family: arial, helvetica, sans-serif;\"><strong>Tecnicatura Superior en Turismo<\/strong><\/span><\/p>\n<p><span style=\"color: #000080; font-size: 8pt; font-family: arial, helvetica, sans-serif;\"><strong>Prof: Riva, Marcela<\/strong><\/span><\/td>\n<td><span style=\"font-family: arial,helvetica,sans-serif; font-size: 10pt;\"><strong><span style=\"color: #333399;\">Inventario de Bienes Patrimoniales de la ciudad de Lezama, 2008<\/span><\/strong><\/span><\/td>\n<td>\u00a0<img decoding=\"async\" title=\"Icono pdf\" src=\"https:\/\/isfdyt215lezama-bue.infd.edu.ar\/sitio\/wp-content\/uploads\/2018\/06\/icono_pdf.gif\" alt=\"Icono pdf\" border=\"0\" \/><span style=\"font-family: arial,helvetica,sans-serif; font-size: 10pt;\"><a href=\"https:\/\/isfdyt215lezama-bue.infd.edu.ar\/aula\/archivos\/repositorio\/\/250\/282\/INVENTARIO_BIENES_PATRIMONIALES_LEZAMA.doc\" target=\"_NEW\"><strong>INVENTARIO_BIENES_PATRIMONIALES_LEZAMA.doc<\/strong><\/a><\/span><\/td>\n<\/tr>\n<tr style=\"background-color: #b0e0e6;\">\n<td><span style=\"color: #000080; font-size: 8pt; font-family: arial, helvetica, sans-serif;\"><strong>Tecnicatura Superior en Administraci\u00f3n P\u00fablica<\/strong><\/span><\/p>\n<p><span style=\"color: #000080; font-size: 8pt; font-family: arial, helvetica, sans-serif;\"><strong>Prof: Riva, Marcela<\/strong><\/span><\/td>\n<td><span style=\"color: #000080; font-family: arial,helvetica,sans-serif; font-size: 10pt;\"><strong>Estudio de calidad de vida de Adultos Mayores de la ciudad de Lezama,2014<br \/>\n<\/strong><\/span><\/td>\n<td><span style=\"font-family: arial,helvetica,sans-serif; font-size: 10pt;\"><br \/>\n<\/span><\/p>\n<p><span style=\"font-size: 10pt; font-family: arial,helvetica,sans-serif;\"><a class=\"LinkModi\" href=\"https:\/\/isfdyt215lezama-bue.infd.edu.ar\/aula\/archivos\/repositorio\/\/0\/171\/ESTUDIO_CALIDAD_DE_VIDA_ADULTOS_MAYORES_LEZAMA_2014.pdf\" target=\"_NEW\"><strong><img decoding=\"async\" title=\"Icono pdf\" src=\"https:\/\/isfdyt215lezama-bue.infd.edu.ar\/sitio\/wp-content\/uploads\/2018\/06\/icono_pdf.gif\" alt=\"Icono pdf\" border=\"0\" \/>ESTUDIO_CALIDAD_DE_VIDA<\/strong><\/a><\/span><\/p>\n<p><span style=\"font-size: 10pt; font-family: arial,helvetica,sans-serif;\"><a class=\"LinkModi\" href=\"https:\/\/isfdyt215lezama-bue.infd.edu.ar\/aula\/archivos\/repositorio\/\/0\/171\/ESTUDIO_CALIDAD_DE_VIDA_ADULTOS_MAYORES_LEZAMA_2014.pdf\" target=\"_NEW\"><strong>_ADULTOS_MAYORES<\/strong><\/a><\/span><\/p>\n<p><span style=\"font-size: 10pt; font-family: arial,helvetica,sans-serif;\"><a class=\"LinkModi\" href=\"https:\/\/isfdyt215lezama-bue.infd.edu.ar\/aula\/archivos\/repositorio\/\/0\/171\/ESTUDIO_CALIDAD_DE_VIDA_ADULTOS_MAYORES_LEZAMA_2014.pdf\" target=\"_NEW\"><strong>_LEZAMA_2014.pdf<\/strong><\/a><\/span><\/td>\n<\/tr>\n<tr>\n<td style=\"background-color: #f0f8ff;\">&nbsp;<\/p>\n<p><span style=\"color: #000080; font-size: 8pt; font-family: arial, helvetica, sans-serif;\"><strong>Prof: Riva, Marcela; Jaureguiberry, Milagros<br \/>\n<\/strong><\/span><\/td>\n<td><span style=\"color: #008080;\"><span style=\"color: #0000ff;\"><strong>Pr\u00e1ctica Profesional: categorizaci\u00f3n y valoraci\u00f3n de la vinculaci\u00f3n entre la Educaci\u00f3n T\u00e9cnica Profesional y el contexto laboral de la Regi\u00f3n Educativa XVII, de la Provincia de Buenos Aires, 2017<\/strong><\/span><\/span><\/p>\n<p><span style=\"color: #008080;\">\u00a0<\/span><\/td>\n<td>\u00a0<img decoding=\"async\" title=\"Icono pdf\" src=\"https:\/\/isfdyt215lezama-bue.infd.edu.ar\/sitio\/wp-content\/uploads\/2018\/06\/icono_pdf.gif\" alt=\"Icono pdf\" border=\"0\" \/><a title=\"https:\/\/isfdyt215lezama-bue.infd.edu.ar\/aula\/archivos\/repositorio\/\/250\/358\/TRABAJO_DE_INVESTIGACION_PERFIL_DEL_PRODUCTOR_AGROPECUARIO_DE_LEZAMA.pdf\" href=\"https:\/\/isfdyt215lezama-bue.infd.edu.ar\/aula\/archivos\/repositorio\/\/250\/358\/TRABAJO_DE_INVESTIGACION_PERFIL_DEL_PRODUCTOR_AGROPECUARIO_DE_LEZAMA.pdf\" target=\"_NEW\"><strong>PRACTICA_PROFESIONAL_Y_CONTEXTO_LABORAL_FONIET.pdf<\/strong><\/a><\/td>\n<\/tr>\n<tr>\n<td style=\"background-color: #87cefa;\">&nbsp;<\/p>\n<p><span style=\"color: #000080; font-size: 8pt; font-family: arial, helvetica, sans-serif;\"><strong>Tecnicatura Superior en Producci\u00f3n Agr\u00edcola Ganadera, 2017<br \/>\n<\/strong><\/span><\/p>\n<p><span style=\"color: #000080; font-size: 8pt; font-family: arial, helvetica, sans-serif;\"><strong>Prof: Riva, Marcela<\/strong><\/span><\/td>\n<td style=\"background-color: #87cefa;\"><span style=\"font-family: arial,helvetica,sans-serif; font-size: 10pt;\"><strong><span style=\"color: #333399;\">Perfil del Productor Agropecuario de Lezama, 2017<br \/>\n<\/span><\/strong><\/span><\/td>\n<td style=\"background-color: #87cefa;\"><span style=\"font-family: arial,helvetica,sans-serif; font-size: 10pt;\">\u00a0<img decoding=\"async\" title=\"Icono pdf\" src=\"https:\/\/isfdyt215lezama-bue.infd.edu.ar\/sitio\/wp-content\/uploads\/2018\/06\/icono_pdf.gif\" alt=\"Icono pdf\" border=\"0\" \/><a title=\"https:\/\/isfdyt215lezama-bue.infd.edu.ar\/aula\/archivos\/repositorio\/\/250\/358\/TRABAJO_DE_INVESTIGACION_PERFIL_DEL_PRODUCTOR_AGROPECUARIO_DE_LEZAMA.pdf\" href=\"https:\/\/isfdyt215lezama-bue.infd.edu.ar\/aula\/archivos\/repositorio\/\/250\/358\/TRABAJO_DE_INVESTIGACION_PERFIL_DEL_PRODUCTOR_AGROPECUARIO_DE_LEZAMA.pdf\" target=\"_NEW\"><strong>\u00a0<span style=\"color: #0000ff;\"> Perfil Productor Agropecuario Lezama 2017 \u00a0<\/span> <\/strong><\/a><\/span><\/p>\n<p>&nbsp;<\/td>\n<\/tr>\n<tr>\n<td><\/td>\n<td><\/td>\n<td><\/td>\n<\/tr>\n<tr>\n<td><\/td>\n<td><\/td>\n<td><\/td>\n<\/tr>\n<tr>\n<td><\/td>\n<td><\/td>\n<td><\/td>\n<\/tr>\n<tr>\n<td><\/td>\n<td><\/td>\n<td><\/td>\n<\/tr>\n<tr>\n<td><\/td>\n<td><\/td>\n<td><\/td>\n<\/tr>\n<tr>\n<td><\/td>\n<td><\/td>\n<td><\/td>\n<\/tr>\n<tr>\n<td><\/td>\n<td><\/td>\n<td><\/td>\n<\/tr>\n<tr>\n<td><\/td>\n<td><\/td>\n<td><\/td>\n<\/tr>\n<tr>\n<td><\/td>\n<td><\/td>\n<td><\/td>\n<\/tr>\n<tr>\n<td><\/td>\n<td><\/td>\n<td><\/td>\n<\/tr>\n<tr>\n<td><\/td>\n<td><\/td>\n<td><\/td>\n<\/tr>\n<tr>\n<td><\/td>\n<td><\/td>\n<td><\/td>\n<\/tr>\n<tr>\n<td><\/td>\n<td><\/td>\n<td><\/td>\n<\/tr>\n<tr>\n<td><\/td>\n<td><\/td>\n<td><\/td>\n<\/tr>\n<tr>\n<td><\/td>\n<td><\/td>\n<td><\/td>\n<\/tr>\n<\/tbody>\n<\/table>\n","protected":false},"excerpt":{"rendered":"<p>Tecnicatura Superior en Turismo Prof: Riva, Marcela Inventario de Bienes Patrimoniales de la ciudad de Lezama, 2008 \u00a0INVENTARIO_BIENES_PATRIMONIALES_LEZAMA.doc Tecnicatura Superior en Administraci\u00f3n P\u00fablica Prof: Riva, Marcela Estudio de calidad de vida de Adultos Mayores de la ciudad de Lezama,2014 ESTUDIO_CALIDAD_DE_VIDA _ADULTOS_MAYORES _LEZAMA_2014.pdf &nbsp; Prof: Riva, Marcela; Jaureguiberry, Milagros Pr\u00e1ctica Profesional: categorizaci\u00f3n y valoraci\u00f3n de la &#8230; <a title=\"Investigaci\u00f3n\" class=\"read-more\" href=\"https:\/\/isfdyt215lezama-bue.infd.edu.ar\/sitio\/investigacion\/\" aria-label=\"More on Investigaci\u00f3n\">[+]<\/a><\/p>\n","protected":false},"author":8,"featured_media":0,"parent":0,"menu_order":0,"comment_status":"closed","ping_status":"closed","template":"","meta":[],"acf":[],"_links":{"self":[{"href":"https:\/\/isfdyt215lezama-bue.infd.edu.ar\/sitio\/wp-json\/wp\/v2\/pages\/781"}],"collection":[{"href":"https:\/\/isfdyt215lezama-bue.infd.edu.ar\/sitio\/wp-json\/wp\/v2\/pages"}],"about":[{"href":"https:\/\/isfdyt215lezama-bue.infd.edu.ar\/sitio\/wp-json\/wp\/v2\/types\/page"}],"author":[{"embeddable":true,"href":"https:\/\/isfdyt215lezama-bue.infd.edu.ar\/sitio\/wp-json\/wp\/v2\/users\/8"}],"replies":[{"embeddable":true,"href":"https:\/\/isfdyt215lezama-bue.infd.edu.ar\/sitio\/wp-json\/wp\/v2\/comments?post=781"}],"version-history":[{"count":2,"href":"https:\/\/isfdyt215lezama-bue.infd.edu.ar\/sitio\/wp-json\/wp\/v2\/pages\/781\/revisions"}],"predecessor-version":[{"id":815,"href":"https:\/\/isfdyt215lezama-bue.infd.edu.ar\/sitio\/wp-json\/wp\/v2\/pages\/781\/revisions\/815"}],"wp:attachment":[{"href":"https:\/\/isfdyt215lezama-bue.infd.edu.ar\/sitio\/wp-json\/wp\/v2\/media?parent=781"}],"curies":[{"name":"wp","href":"https:\/\/api.w.org\/{rel}","templated":true}]}}